{"id":867,"date":"2023-04-18T07:32:27","date_gmt":"2023-04-18T07:32:27","guid":{"rendered":"https:\/\/asadipre.org\/jornadas2023\/?page_id=867"},"modified":"2023-04-18T07:50:30","modified_gmt":"2023-04-18T07:50:30","slug":"casa-consistorial","status":"publish","type":"page","link":"https:\/\/asadipre.org\/jornadas2023\/actividades-de-ocio\/casa-consistorial\/","title":{"rendered":"Casa consistorial"},"content":{"rendered":"\t\t<div data-elementor-type=\"wp-page\" data-elementor-id=\"867\" class=\"elementor elementor-867\">\n\t\t\t\t\t\t<section class=\"elementor-section elementor-top-section elementor-element elementor-element-3c587c6c elementor-section-boxed elementor-section-height-default elementor-section-height-default\" data-id=\"3c587c6c\" data-element_type=\"section\" data-e-type=\"section\" data-settings=\"{&quot;background_background&quot;:&quot;classic&quot;}\">\n\t\t\t\t\t\t<div class=\"elementor-container elementor-column-gap-default\">\n\t\t\t\t\t<div class=\"elementor-column elementor-col-50 elementor-top-column elementor-element elementor-element-421b66e6\" data-id=\"421b66e6\" data-element_type=\"column\" data-e-type=\"column\">\n\t\t\t<div class=\"elementor-widget-wrap elementor-element-populated\">\n\t\t\t\t\t\t<div class=\"elementor-element elementor-element-3c3034f5 elementor-widget elementor-widget-image\" data-id=\"3c3034f5\" data-element_type=\"widget\" data-e-type=\"widget\" data-widget_type=\"image.default\">\n\t\t\t\t<div class=\"elementor-widget-container\">\n\t\t\t\t\t\t\t\t\t\t\t\t\t\t\t<img fetchpriority=\"high\" decoding=\"async\" width=\"768\" height=\"449\" src=\"https:\/\/asadipre.org\/jornadas2023\/wp-content\/uploads\/2023\/04\/Casa_consistorial_de_Sevilla_2019-en-tamano-grande-768x449.jpeg\" class=\"attachment-medium_large size-medium_large wp-image-903\" alt=\"\" srcset=\"https:\/\/asadipre.org\/jornadas2023\/wp-content\/uploads\/2023\/04\/Casa_consistorial_de_Sevilla_2019-en-tamano-grande-768x449.jpeg 768w, https:\/\/asadipre.org\/jornadas2023\/wp-content\/uploads\/2023\/04\/Casa_consistorial_de_Sevilla_2019-en-tamano-grande-300x176.jpeg 300w, https:\/\/asadipre.org\/jornadas2023\/wp-content\/uploads\/2023\/04\/Casa_consistorial_de_Sevilla_2019-en-tamano-grande-1024x599.jpeg 1024w, https:\/\/asadipre.org\/jornadas2023\/wp-content\/uploads\/2023\/04\/Casa_consistorial_de_Sevilla_2019-en-tamano-grande.jpeg 1280w\" sizes=\"(max-width: 768px) 100vw, 768px\" \/>\t\t\t\t\t\t\t\t\t\t\t\t\t\t\t<\/div>\n\t\t\t\t<\/div>\n\t\t\t\t\t<\/div>\n\t\t<\/div>\n\t\t\t\t<div class=\"elementor-column elementor-col-50 elementor-top-column elementor-element elementor-element-73275dd6\" data-id=\"73275dd6\" data-element_type=\"column\" data-e-type=\"column\">\n\t\t\t<div class=\"elementor-widget-wrap elementor-element-populated\">\n\t\t\t\t\t\t<div class=\"elementor-element elementor-element-7188f061 elementor-widget elementor-widget-heading\" data-id=\"7188f061\" data-element_type=\"widget\" data-e-type=\"widget\" data-widget_type=\"heading.default\">\n\t\t\t\t<div class=\"elementor-widget-container\">\n\t\t\t\t\t<h1 class=\"elementor-heading-title elementor-size-default\">Casa consistorial<\/h1>\t\t\t\t<\/div>\n\t\t\t\t<\/div>\n\t\t\t\t<div class=\"elementor-element elementor-element-c1e6775 elementor-widget elementor-widget-heading\" data-id=\"c1e6775\" data-element_type=\"widget\" data-e-type=\"widget\" data-widget_type=\"heading.default\">\n\t\t\t\t<div class=\"elementor-widget-container\">\n\t\t\t\t\t<h6 class=\"elementor-heading-title elementor-size-default\">(Hora de salida 19H) 50 PLAZAS<\/h6>\t\t\t\t<\/div>\n\t\t\t\t<\/div>\n\t\t\t\t<div class=\"elementor-element elementor-element-1bdc40d6 elementor-widget elementor-widget-text-editor\" data-id=\"1bdc40d6\" data-element_type=\"widget\" data-e-type=\"widget\" data-widget_type=\"text-editor.default\">\n\t\t\t\t<div class=\"elementor-widget-container\">\n\t\t\t\t\t\t\t\t\t<p>El edificio del Ayuntamiento de Sevilla constituye una de las muestras m\u00e1s notables de la arquitectura plateresca en Andaluc\u00eda. Durante el siglo XV, debido al descubrimiento de Am\u00e9rica y a la importancia y riqueza que va adquiriendo la ciudad, se decide crear una nueva sede del Cabildo, m\u00e1s amplia y de mayor calidad y colocar el Ayuntamiento de Sevilla en la plaza de San Francisco, que era lugar c\u00e9ntrico y comercial. Su construcci\u00f3n supuso la independencia del poder civil frente al religioso. El edificio inicial ocupa el sector meridional del actual Ayuntamiento, con el \u201carquillo\u201d que comunicaba con el comp\u00e1s del monasterio franciscano.<\/p><p>\u00a0<\/p><p>Durante el siglo XIX el Convento de San Francisco sufri\u00f3 una ocupaci\u00f3n militar, dos incendios y la exclaustraci\u00f3n debida a la desamorizaci\u00f3n de Mendiz\u00e1bal, con lo que estaba casi en ruinas. Se realiza un primer proyecto aprobado por la Real Academia de Bellas Artes de San Fernando, pero no se lleva a cabo por problemas econ\u00f3micos del Ayuntamiento, aprob\u00e1ndose un segundo proyecto en 1855. Las obras sufrieron continuas interrupciones y el proyecto tuvo varias reformas. En la parte de la plaza de San Francisco se decidi\u00f3 hacer una fachada que prolongase el edificio plateresco; sin embargo la decoraci\u00f3n de este sector nunca lleg\u00f3 a terminarse y hoy se puede ver la fachada con los bloques de piedra preparados para ser tallados. La fachada principal que da a la plaza Nueva se culmin\u00f3 en 1867, y la decoraci\u00f3n del Sal\u00f3n Col\u00f3n en 1871. Se guardan en el edificio algunos elementos de elevado inter\u00e9s art\u00edstico e hist\u00f3rico, como el pend\u00f3n de la ciudad. Bien de Inter\u00e9s Cultural, el Ayuntamiento de Sevilla est\u00e1 catalogado como Monumento desde su publicaci\u00f3n en 1931.<\/p><p>\u00a0<\/p><p>Entre las zonas visitables para aquellos y aquellas que quieran conocer este edificio se encuentran la parte renacentista, con su escalera atribuida a Hern\u00e1n Ruiz II , que da acceso a una planta superior donde se encuentran salas de gran belleza y cubierta con un rico artesonado dorado y relevantes obras de arte de pintores como Vald\u00e9s Leal o la zona a\u00f1adida en el Siglo XIX que compone de diferentes salas como la Sala Monpentsier y el Sal\u00f3n Santo Tom\u00e1s donde priman la monumentalidad y riqueza neocl\u00e1sica en contraposici\u00f3n a la fr\u00eda piedra renacentista del antiguo Cabildo, con su escalera neocl\u00e1sica. A ello se suma el espectacular Sal\u00f3n Col\u00f3n, decorado con una galer\u00eda de reyes y reinas espa\u00f1oles. El friso superior es obra de Juan Talavera. Actualmente se utiliza como sal\u00f3n de plenos y lugar de celebraci\u00f3n de las bodas civiles.<\/p>\t\t\t\t\t\t\t\t<\/div>\n\t\t\t\t<\/div>\n\t\t\t\t\t<\/div>\n\t\t<\/div>\n\t\t\t\t\t<\/div>\n\t\t<\/section>\n\t\t\t\t<\/div>\n\t\t","protected":false},"excerpt":{"rendered":"<p>(Hora de salida 19H) 50 PLAZAS El edificio del Ayuntamiento de Sevilla constituye una de las muestras m\u00e1s notables de la arquitectura plateresca en Andaluc\u00eda. Durante el siglo XV, debido al descubrimiento de Am\u00e9rica y a la importancia y riqueza que va adquiriendo la ciudad, se decide crear una nueva sede del Cabildo, m\u00e1s amplia [&hellip;]<\/p>\n","protected":false},"author":1,"featured_media":0,"parent":152,"menu_order":7,"comment_status":"closed","ping_status":"closed","template":"","meta":{"footnotes":""},"class_list":["post-867","page","type-page","status-publish","hentry"],"_links":{"self":[{"href":"https:\/\/asadipre.org\/jornadas2023\/wp-json\/wp\/v2\/pages\/867","targetHints":{"allow":["GET"]}}],"collection":[{"href":"https:\/\/asadipre.org\/jornadas2023\/wp-json\/wp\/v2\/pages"}],"about":[{"href":"https:\/\/asadipre.org\/jornadas2023\/wp-json\/wp\/v2\/types\/page"}],"author":[{"embeddable":true,"href":"https:\/\/asadipre.org\/jornadas2023\/wp-json\/wp\/v2\/users\/1"}],"replies":[{"embeddable":true,"href":"https:\/\/asadipre.org\/jornadas2023\/wp-json\/wp\/v2\/comments?post=867"}],"version-history":[{"count":10,"href":"https:\/\/asadipre.org\/jornadas2023\/wp-json\/wp\/v2\/pages\/867\/revisions"}],"predecessor-version":[{"id":906,"href":"https:\/\/asadipre.org\/jornadas2023\/wp-json\/wp\/v2\/pages\/867\/revisions\/906"}],"up":[{"embeddable":true,"href":"https:\/\/asadipre.org\/jornadas2023\/wp-json\/wp\/v2\/pages\/152"}],"wp:attachment":[{"href":"https:\/\/asadipre.org\/jornadas2023\/wp-json\/wp\/v2\/media?parent=867"}],"curies":[{"name":"wp","href":"https:\/\/api.w.org\/{rel}","templated":true}]}}