{"id":228,"date":"2022-05-06T16:16:14","date_gmt":"2022-05-06T16:16:14","guid":{"rendered":"https:\/\/asadipre.org\/jornadas2023\/?page_id=228"},"modified":"2023-04-18T07:53:58","modified_gmt":"2023-04-18T07:53:58","slug":"exploterra","status":"publish","type":"page","link":"https:\/\/asadipre.org\/jornadas2023\/actividades-de-ocio\/exploterra\/","title":{"rendered":"Exploterra"},"content":{"rendered":"\t\t<div data-elementor-type=\"wp-page\" data-elementor-id=\"228\" class=\"elementor elementor-228\">\n\t\t\t\t\t\t<section class=\"elementor-section elementor-top-section elementor-element elementor-element-73565c8 elementor-section-boxed elementor-section-height-default elementor-section-height-default\" data-id=\"73565c8\" data-element_type=\"section\" data-e-type=\"section\" data-settings=\"{&quot;background_background&quot;:&quot;classic&quot;}\">\n\t\t\t\t\t\t<div class=\"elementor-container elementor-column-gap-default\">\n\t\t\t\t\t<div class=\"elementor-column elementor-col-50 elementor-top-column elementor-element elementor-element-743ce97\" data-id=\"743ce97\" data-element_type=\"column\" data-e-type=\"column\">\n\t\t\t<div class=\"elementor-widget-wrap elementor-element-populated\">\n\t\t\t\t\t\t<div class=\"elementor-element elementor-element-c83d8b7 elementor-widget elementor-widget-image\" data-id=\"c83d8b7\" data-element_type=\"widget\" data-e-type=\"widget\" data-widget_type=\"image.default\">\n\t\t\t\t<div class=\"elementor-widget-container\">\n\t\t\t\t\t\t\t\t\t\t\t\t\t\t\t<img fetchpriority=\"high\" decoding=\"async\" width=\"768\" height=\"576\" src=\"https:\/\/asadipre.org\/jornadas2023\/wp-content\/uploads\/2023\/04\/EXPLOTERRA-768x576.jpg\" class=\"attachment-medium_large size-medium_large wp-image-890\" alt=\"\" srcset=\"https:\/\/asadipre.org\/jornadas2023\/wp-content\/uploads\/2023\/04\/EXPLOTERRA-768x576.jpg 768w, https:\/\/asadipre.org\/jornadas2023\/wp-content\/uploads\/2023\/04\/EXPLOTERRA-300x225.jpg 300w, https:\/\/asadipre.org\/jornadas2023\/wp-content\/uploads\/2023\/04\/EXPLOTERRA-1024x768.jpg 1024w, https:\/\/asadipre.org\/jornadas2023\/wp-content\/uploads\/2023\/04\/EXPLOTERRA-1536x1152.jpg 1536w, https:\/\/asadipre.org\/jornadas2023\/wp-content\/uploads\/2023\/04\/EXPLOTERRA.jpg 2048w\" sizes=\"(max-width: 768px) 100vw, 768px\" \/>\t\t\t\t\t\t\t\t\t\t\t\t\t\t\t<\/div>\n\t\t\t\t<\/div>\n\t\t\t\t\t<\/div>\n\t\t<\/div>\n\t\t\t\t<div class=\"elementor-column elementor-col-50 elementor-top-column elementor-element elementor-element-125e924\" data-id=\"125e924\" data-element_type=\"column\" data-e-type=\"column\">\n\t\t\t<div class=\"elementor-widget-wrap elementor-element-populated\">\n\t\t\t\t\t\t<div class=\"elementor-element elementor-element-8d09da3 elementor-widget elementor-widget-heading\" data-id=\"8d09da3\" data-element_type=\"widget\" data-e-type=\"widget\" data-widget_type=\"heading.default\">\n\t\t\t\t<div class=\"elementor-widget-container\">\n\t\t\t\t\t<h1 class=\"elementor-heading-title elementor-size-default\">Exploterra<\/h1>\t\t\t\t<\/div>\n\t\t\t\t<\/div>\n\t\t\t\t<div class=\"elementor-element elementor-element-f780d4d elementor-widget elementor-widget-heading\" data-id=\"f780d4d\" data-element_type=\"widget\" data-e-type=\"widget\" data-widget_type=\"heading.default\">\n\t\t\t\t<div class=\"elementor-widget-container\">\n\t\t\t\t\t<h6 class=\"elementor-heading-title elementor-size-default\">(Hora de salida 19H) 50 PLAZAS<\/h6>\t\t\t\t<\/div>\n\t\t\t\t<\/div>\n\t\t\t\t<div class=\"elementor-element elementor-element-5341a3e elementor-widget elementor-widget-text-editor\" data-id=\"5341a3e\" data-element_type=\"widget\" data-e-type=\"widget\" data-widget_type=\"text-editor.default\">\n\t\t\t\t<div class=\"elementor-widget-container\">\n\t\t\t\t\t\t\t\t\t<p>\u00a1Sevilla estrena nuevo venue para eventos! El nuevo Centro Exploraterra es un espacio cultural y de ocio concebido como una ventana temporal entre el pasado, el presente y el futuro de la exploraci\u00f3n. Est\u00e1 ubicado en el coraz\u00f3n de la Sevilla mar\u00edtima y exploradora. A orillas del Guadalquivir, junto a la Torre del Oro.<\/p><p>\u00a0<\/p><p>Espacio \u2018Primera vuelta al Mundo\u2019 y la \u2018Naco Victoria 500\u2019: se trata de un espacio multifuncional de 350m2, adaptable a la celebraci\u00f3n de eventos, donde el visitante puede experimentar una de las mayores gestas de la historia de la humanidad, la Primera Vuelta al Mundo, que acaba de celebrar su V Centenario. Situado a orillas del Guadalquivir, en la misma ubicaci\u00f3n que hace 500 a\u00f1os fue origen y destino de esta expedici\u00f3n. Este espacio es perfecto para presentaciones, reuniones, conferencias, c\u00f3ctel, cenas y mucho m\u00e1s.<\/p><p>\u00a0<\/p><p>y Sala Torre del Oro: es una gran \u00e1gora expositiva polivalente con \u00e1reas expositivas, culturales, de reuniones y de ocio. Un espacio apto para reuniones, conferencias, presentaciones, c\u00f3cteles, exposiciones, cenas, etc. todo ello mirando hacia el Rio Guadalquivir. Se trata de una sala polivalente tiene una capacidad de 265m2, y es una prolongaci\u00f3n de la Plaza Exploraterra.<\/p>\t\t\t\t\t\t\t\t<\/div>\n\t\t\t\t<\/div>\n\t\t\t\t\t<\/div>\n\t\t<\/div>\n\t\t\t\t\t<\/div>\n\t\t<\/section>\n\t\t\t\t<\/div>\n\t\t","protected":false},"excerpt":{"rendered":"<p>(Hora de salida 19H) 50 PLAZAS \u00a1Sevilla estrena nuevo venue para eventos! El nuevo Centro Exploraterra es un espacio cultural y de ocio concebido como una ventana temporal entre el pasado, el presente y el futuro de la exploraci\u00f3n. Est\u00e1 ubicado en el coraz\u00f3n de la Sevilla mar\u00edtima y exploradora. A orillas del Guadalquivir, junto [&hellip;]<\/p>\n","protected":false},"author":1,"featured_media":0,"parent":152,"menu_order":6,"comment_status":"closed","ping_status":"closed","template":"","meta":{"footnotes":""},"class_list":["post-228","page","type-page","status-publish","hentry"],"_links":{"self":[{"href":"https:\/\/asadipre.org\/jornadas2023\/wp-json\/wp\/v2\/pages\/228","targetHints":{"allow":["GET"]}}],"collection":[{"href":"https:\/\/asadipre.org\/jornadas2023\/wp-json\/wp\/v2\/pages"}],"about":[{"href":"https:\/\/asadipre.org\/jornadas2023\/wp-json\/wp\/v2\/types\/page"}],"author":[{"embeddable":true,"href":"https:\/\/asadipre.org\/jornadas2023\/wp-json\/wp\/v2\/users\/1"}],"replies":[{"embeddable":true,"href":"https:\/\/asadipre.org\/jornadas2023\/wp-json\/wp\/v2\/comments?post=228"}],"version-history":[{"count":23,"href":"https:\/\/asadipre.org\/jornadas2023\/wp-json\/wp\/v2\/pages\/228\/revisions"}],"predecessor-version":[{"id":916,"href":"https:\/\/asadipre.org\/jornadas2023\/wp-json\/wp\/v2\/pages\/228\/revisions\/916"}],"up":[{"embeddable":true,"href":"https:\/\/asadipre.org\/jornadas2023\/wp-json\/wp\/v2\/pages\/152"}],"wp:attachment":[{"href":"https:\/\/asadipre.org\/jornadas2023\/wp-json\/wp\/v2\/media?parent=228"}],"curies":[{"name":"wp","href":"https:\/\/api.w.org\/{rel}","templated":true}]}}